[INFO] fetching crate ethers-signers 0.1.3...
[INFO] checking ethers-signers-0.1.3 against try#72f88fc4e9458f89516a0b8b0868f3718aec5b47 for pr-74989
[INFO] extracting crate ethers-signers 0.1.3 into /workspace/builds/worker-4/source
[INFO] validating manifest of crates.io crate ethers-signers 0.1.3 on toolchain 72f88fc4e9458f89516a0b8b0868f3718aec5b47
[INFO] running `Command { std: "/workspace/cargo-home/bin/cargo" "+72f88fc4e9458f89516a0b8b0868f3718aec5b47" "read-manifest" "--manifest-path" "Cargo.toml", kill_on_drop: false }`
[INFO] started tweaking crates.io crate ethers-signers 0.1.3
[INFO] finished tweaking crates.io crate ethers-signers 0.1.3
[INFO] tweaked toml for crates.io crate ethers-signers 0.1.3 written to /workspace/builds/worker-4/source/Cargo.toml
[INFO] running `Command { std: "/workspace/cargo-home/bin/cargo" "+72f88fc4e9458f89516a0b8b0868f3718aec5b47" "generate-lockfile" "--manifest-path" "Cargo.toml" "-Zno-index-update", kill_on_drop: false }`
[INFO] running `Command { std: "/workspace/cargo-home/bin/cargo" "+72f88fc4e9458f89516a0b8b0868f3718aec5b47" "fetch" "--locked" "--manifest-path" "Cargo.toml", kill_on_drop: false }`
[INFO] [stderr]  Downloading crates ...
[INFO] [stderr]   Downloaded ethereum-types v0.9.2
[INFO] [stderr]   Downloaded ethbloom v0.9.2
[INFO] [stderr]   Downloaded ethers-providers v0.1.3
[INFO] [stderr]   Downloaded ethers-core v0.1.3
[INFO] [stderr]   Downloaded ethabi-next v12.0.1
[INFO] running `Command { std: "docker" "create" "-v" "/var/lib/crater-agent-workspace/builds/worker-4/target:/opt/rustwide/target:rw,Z" "-v" "/var/lib/crater-agent-workspace/builds/worker-4/source:/opt/rustwide/workdir:ro,Z" "-v" "/var/lib/crater-agent-workspace/cargo-home:/opt/rustwide/cargo-home:ro,Z" "-v" "/var/lib/crater-agent-workspace/rustup-home:/opt/rustwide/rustup-home:ro,Z" "-e" "SOURCE_DIR=/opt/rustwide/workdir" "-e" "CARGO_TARGET_DIR=/opt/rustwide/target" "-e" "CARGO_HOME=/opt/rustwide/cargo-home" "-e" "RUSTUP_HOME=/opt/rustwide/rustup-home" "-w" "/opt/rustwide/workdir" "-m" "1610612736" "--user" "0:0" "--network" "none" "rustops/crates-build-env@sha256:d92eaeed33fa75130ca1ee6c8a01d1ffb62bac859dfdfb3450e3e5d1c0146529" "/opt/rustwide/cargo-home/bin/cargo" "+72f88fc4e9458f89516a0b8b0868f3718aec5b47" "metadata" "--no-deps" "--format-version=1", kill_on_drop: false }`
[INFO] [stdout] d771588a915fb55a13bc1ce03cb1ba768eb27fc057e21cad68b6a86272847bb1
[INFO] [stderr] WARNING: Your kernel does not support swap limit capabilities or the cgroup is not mounted. Memory limited without swap.
[INFO] running `Command { std: "docker" "start" "-a" "d771588a915fb55a13bc1ce03cb1ba768eb27fc057e21cad68b6a86272847bb1", kill_on_drop: false }`
[INFO] running `Command { std: "docker" "inspect" "d771588a915fb55a13bc1ce03cb1ba768eb27fc057e21cad68b6a86272847bb1", kill_on_drop: false }`
[INFO] running `Command { std: "docker" "rm" "-f" "d771588a915fb55a13bc1ce03cb1ba768eb27fc057e21cad68b6a86272847bb1", kill_on_drop: false }`
[INFO] [stdout] d771588a915fb55a13bc1ce03cb1ba768eb27fc057e21cad68b6a86272847bb1
[INFO] running `Command { std: "docker" "create" "-v" "/var/lib/crater-agent-workspace/builds/worker-4/target:/opt/rustwide/target:rw,Z" "-v" "/var/lib/crater-agent-workspace/builds/worker-4/source:/opt/rustwide/workdir:ro,Z" "-v" "/var/lib/crater-agent-workspace/cargo-home:/opt/rustwide/cargo-home:ro,Z" "-v" "/var/lib/crater-agent-workspace/rustup-home:/opt/rustwide/rustup-home:ro,Z" "-e" "SOURCE_DIR=/opt/rustwide/workdir" "-e" "CARGO_TARGET_DIR=/opt/rustwide/target" "-e" "CARGO_INCREMENTAL=0" "-e" "RUST_BACKTRACE=full" "-e" "RUSTFLAGS=--cap-lints=forbid" "-e" "CARGO_HOME=/opt/rustwide/cargo-home" "-e" "RUSTUP_HOME=/opt/rustwide/rustup-home" "-w" "/opt/rustwide/workdir" "-m" "1610612736" "--user" "0:0" "--network" "none" "rustops/crates-build-env@sha256:d92eaeed33fa75130ca1ee6c8a01d1ffb62bac859dfdfb3450e3e5d1c0146529" "/opt/rustwide/cargo-home/bin/cargo" "+72f88fc4e9458f89516a0b8b0868f3718aec5b47" "check" "--frozen" "--all" "--all-targets" "--message-format=json", kill_on_drop: false }`
[INFO] [stderr] WARNING: Your kernel does not support swap limit capabilities or the cgroup is not mounted. Memory limited without swap.
[INFO] [stdout] 72bed2f69f0ec0a6dcd4857a19e256ce367b0ba4cd3ebdb672de0165eb9fae16
[INFO] running `Command { std: "docker" "start" "-a" "72bed2f69f0ec0a6dcd4857a19e256ce367b0ba4cd3ebdb672de0165eb9fae16", kill_on_drop: false }`
[INFO] [stderr]    Compiling serde v1.0.116
[INFO] [stderr]    Compiling crunchy v0.2.2
[INFO] [stderr]    Compiling memchr v2.3.3
[INFO] [stderr]     Checking slab v0.4.2
[INFO] [stderr]     Checking futures-core v0.3.5
[INFO] [stderr]     Checking pin-project-lite v0.1.7
[INFO] [stderr]     Checking radium v0.3.0
[INFO] [stderr]    Compiling proc-macro-nested v0.1.6
[INFO] [stderr]    Compiling autocfg v1.0.1
[INFO] [stderr]     Checking arrayvec v0.5.1
[INFO] [stderr]    Compiling tiny-keccak v2.0.2
[INFO] [stderr]     Checking byte-slice-cast v0.3.5
[INFO] [stderr]     Checking pin-utils v0.1.0
[INFO] [stderr]    Compiling serde_json v1.0.57
[INFO] [stderr]     Checking futures-sink v0.3.5
[INFO] [stderr]     Checking tower-service v0.3.0
[INFO] [stderr]    Compiling encoding_rs v0.8.24
[INFO] [stderr]     Checking mime v0.3.16
[INFO] [stderr]     Checking arrayref v0.3.6
[INFO] [stderr]     Checking subtle v2.3.0
[INFO] [stderr]     Checking dtoa v0.4.6
[INFO] [stderr]     Checking rlp v0.4.5
[INFO] [stderr]     Checking tracing-core v0.1.16
[INFO] [stderr]     Checking http v0.2.1
[INFO] [stderr]     Checking futures-channel v0.3.5
[INFO] [stderr]     Checking bitvec v0.17.4
[INFO] [stderr]     Checking net2 v0.2.35
[INFO] [stderr]     Checking iovec v0.1.4
[INFO] [stderr]     Checking time v0.1.44
[INFO] [stderr]     Checking socket2 v0.3.15
[INFO] [stderr]     Checking want v0.3.0
[INFO] [stderr]    Compiling unicase v2.6.0
[INFO] [stderr]    Compiling syn v1.0.40
[INFO] [stderr]     Checking impl-rlp v0.2.1
[INFO] [stderr]     Checking block-buffer v0.7.3
[INFO] [stderr]     Checking webpki-roots v0.19.0
[INFO] [stderr]     Checking rustls v0.18.1
[INFO] [stderr]     Checking sha2 v0.8.2
[INFO] [stderr]     Checking mio v0.6.22
[INFO] [stderr]     Checking hmac-drbg v0.2.0
[INFO] [stderr]     Checking fixed-hash v0.6.1
[INFO] [stderr]     Checking uint v0.8.5
[INFO] [stderr]     Checking tiny-keccak v1.5.0
[INFO] [stderr]    Compiling mime_guess v2.0.3
[INFO] [stderr]     Checking tracing v0.1.19
[INFO] [stderr]    Compiling indexmap v1.6.0
[INFO] [stderr]     Checking libsecp256k1 v0.3.5
[INFO] [stderr]     Checking http-body v0.3.1
[INFO] [stderr]    Compiling serde_derive v1.0.116
[INFO] [stderr]    Compiling tokio-macros v0.2.5
[INFO] [stderr]    Compiling pin-project-internal v0.4.23
[INFO] [stderr]    Compiling futures-macro v0.3.5
[INFO] [stderr]    Compiling thiserror-impl v1.0.20
[INFO] [stderr]    Compiling async-trait v0.1.40
[INFO] [stderr]     Checking tokio v0.2.22
[INFO] [stderr]     Checking pin-project v0.4.23
[INFO] [stderr]     Checking futures-util v0.3.5
[INFO] [stderr]     Checking thiserror v1.0.20
[INFO] [stderr]     Checking tokio-util v0.3.1
[INFO] [stderr]     Checking tokio-rustls v0.14.1
[INFO] [stderr]     Checking h2 v0.2.6
[INFO] [stderr]     Checking hyper v0.13.7
[INFO] [stderr]     Checking impl-serde v0.3.1
[INFO] [stderr]     Checking parity-scale-codec v1.3.5
[INFO] [stderr]     Checking serde_urlencoded v0.6.1
[INFO] [stderr]     Checking ethbloom v0.9.2
[INFO] [stderr]     Checking impl-codec v0.4.2
[INFO] [stderr]     Checking primitive-types v0.7.2
[INFO] [stderr]     Checking hyper-rustls v0.21.0
[INFO] [stderr]     Checking reqwest v0.10.8
[INFO] [stderr]     Checking ethereum-types v0.9.2
[INFO] [stderr]     Checking ethabi-next v12.0.1
[INFO] [stderr]     Checking ethers-core v0.1.3
[INFO] [stderr]     Checking ethers-providers v0.1.3
[INFO] [stderr]     Checking ethers-signers v0.1.3 (/opt/rustwide/workdir)
[INFO] [stdout] error[E0433]: failed to resolve: use of undeclared type or module `ethers`
[INFO] [stdout]  --> tests/signer.rs:1:5
[INFO] [stdout]   |
[INFO] [stdout] 1 | use ethers::{
[INFO] [stdout]   |     ^^^^^^ use of undeclared type or module `ethers`
[INFO] [stdout] 
[INFO] [stdout] 
[INFO] [stdout] error[E0433]: failed to resolve: use of undeclared type or module `ethers`
[INFO] [stdout]   --> tests/signer.rs:11:9
[INFO] [stdout]    |
[INFO] [stdout] 11 |     use ethers::{
[INFO] [stdout]    |         ^^^^^^ use of undeclared type or module `ethers`
[INFO] [stdout] 
[INFO] [stdout] 
[INFO] [stdout] error[E0433]: failed to resolve: use of undeclared type or module `BlockNumber`
[INFO] [stdout]   --> tests/signer.rs:32:40
[INFO] [stdout]    |
[INFO] [stdout] 32 |             .send_transaction(tx, Some(BlockNumber::Pending))
[INFO] [stdout]    |                                        ^^^^^^^^^^^ use of undeclared type or module `BlockNumber`
[INFO] [stdout] 
[INFO] [stdout] 
[INFO] [stdout] error[E0433]: failed to resolve: use of undeclared type or module `Provider`
[INFO] [stdout]   --> tests/signer.rs:18:24
[INFO] [stdout]    |
[INFO] [stdout] 18 |         let provider = Provider::<Http>::try_from(
[INFO] [stdout]    |                        ^^^^^^^^ not found in this scope
[INFO] [stdout]    |
[INFO] [stdout] help: consider importing this struct
[INFO] [stdout]    |
[INFO] [stdout] 10 |     use ethers_providers::Provider;
[INFO] [stdout]    |
[INFO] [stdout] 
[INFO] [stdout] 
[INFO] [stdout] error[E0412]: cannot find type `Http` in this scope
[INFO] [stdout]   --> tests/signer.rs:18:35
[INFO] [stdout]    |
[INFO] [stdout] 18 |         let provider = Provider::<Http>::try_from(
[INFO] [stdout]    |                                   ^^^^ not found in this scope
[INFO] [stdout]    |
[INFO] [stdout] help: consider importing this struct
[INFO] [stdout]    |
[INFO] [stdout] 10 |     use ethers_providers::Http;
[INFO] [stdout]    |
[INFO] [stdout] 
[INFO] [stdout] 
[INFO] [stdout] error[E0412]: cannot find type `Wallet` in this scope
[INFO] [stdout]   --> tests/signer.rs:26:22
[INFO] [stdout]    |
[INFO] [stdout] 26 |             .parse::<Wallet>()
[INFO] [stdout]    |                      ^^^^^^ not found in this scope
[INFO] [stdout]    |
[INFO] [stdout] help: consider importing this struct
[INFO] [stdout]    |
[INFO] [stdout] 10 |     use ethers_signers::Wallet;
[INFO] [stdout]    |
[INFO] [stdout] 
[INFO] [stdout] 
[INFO] [stdout] error[E0433]: failed to resolve: use of undeclared type or module `TransactionRequest`
[INFO] [stdout]   --> tests/signer.rs:30:18
[INFO] [stdout]    |
[INFO] [stdout] 30 |         let tx = TransactionRequest::pay(client.address(), parse_ether(1u64).unwrap());
[INFO] [stdout]    |                  ^^^^^^^^^^^^^^^^^^ not found in this scope
[INFO] [stdout]    |
[INFO] [stdout] help: consider importing this struct
[INFO] [stdout]    |
[INFO] [stdout] 10 |     use ethers_core::types::TransactionRequest;
[INFO] [stdout]    |
[INFO] [stdout] 
[INFO] [stdout] 
[INFO] [stdout] error[E0425]: cannot find function `parse_ether` in this scope
[INFO] [stdout]   --> tests/signer.rs:30:60
[INFO] [stdout]    |
[INFO] [stdout] 30 |         let tx = TransactionRequest::pay(client.address(), parse_ether(1u64).unwrap());
[INFO] [stdout]    |                                                            ^^^^^^^^^^^ not found in this scope
[INFO] [stdout]    |
[INFO] [stdout] help: consider importing this function
[INFO] [stdout]    |
[INFO] [stdout] 10 |     use ethers_core::utils::parse_ether;
[INFO] [stdout]    |
[INFO] [stdout] 
[INFO] [stdout] 
[INFO] [stdout] error[E0433]: failed to resolve: use of undeclared type or module `Ganache`
[INFO] [stdout]   --> tests/signer.rs:46:24
[INFO] [stdout]    |
[INFO] [stdout] 46 |         let _ganache = Ganache::new()
[INFO] [stdout]    |                        ^^^^^^^ not found in this scope
[INFO] [stdout]    |
[INFO] [stdout] help: consider importing this struct
[INFO] [stdout]    |
[INFO] [stdout] 10 |     use ethers_core::utils::Ganache;
[INFO] [stdout]    |
[INFO] [stdout] 
[INFO] [stdout] 
[INFO] [stdout] error[E0412]: cannot find type `Wallet` in this scope
[INFO] [stdout]   --> tests/signer.rs:52:21
[INFO] [stdout]    |
[INFO] [stdout] 52 |         let wallet: Wallet = "380eb0f3d505f087e438eca80bc4df9a7faa24f868e69fc0440261a0fc0567dc"
[INFO] [stdout]    |                     ^^^^^^ not found in this scope
[INFO] [stdout]    |
[INFO] [stdout] help: consider importing this struct
[INFO] [stdout]    |
[INFO] [stdout] 10 |     use ethers_signers::Wallet;
[INFO] [stdout]    |
[INFO] [stdout] 
[INFO] [stdout] 
[INFO] [stdout] error[E0433]: failed to resolve: use of undeclared type or module `Provider`
[INFO] [stdout]   --> tests/signer.rs:57:24
[INFO] [stdout]    |
[INFO] [stdout] 57 |         let provider = Provider::<Http>::try_from(url.as_str()).unwrap();
[INFO] [stdout]    |                        ^^^^^^^^ not found in this scope
[INFO] [stdout]    |
[INFO] [stdout] help: consider importing this struct
[INFO] [stdout]    |
[INFO] [stdout] 10 |     use ethers_providers::Provider;
[INFO] [stdout]    |
[INFO] [stdout] 
[INFO] [stdout] 
[INFO] [stdout] error[E0412]: cannot find type `Http` in this scope
[INFO] [stdout]   --> tests/signer.rs:57:35
[INFO] [stdout]    |
[INFO] [stdout] 57 |         let provider = Provider::<Http>::try_from(url.as_str()).unwrap();
[INFO] [stdout]    |                                   ^^^^ not found in this scope
[INFO] [stdout]    |
[INFO] [stdout] help: consider importing this struct
[INFO] [stdout]    |
[INFO] [stdout] 10 |     use ethers_providers::Http;
[INFO] [stdout]    |
[INFO] [stdout] 
[INFO] [stdout] 
[INFO] [stdout] error[E0433]: failed to resolve: use of undeclared type or module `TransactionRequest`
[INFO] [stdout]   --> tests/signer.rs:63:18
[INFO] [stdout]    |
[INFO] [stdout] 63 |         let tx = TransactionRequest::new()
[INFO] [stdout]    |                  ^^^^^^^^^^^^^^^^^^ not found in this scope
[INFO] [stdout]    |
[INFO] [stdout] help: consider importing this struct
[INFO] [stdout]    |
[INFO] [stdout] 10 |     use ethers_core::types::TransactionRequest;
[INFO] [stdout]    |
[INFO] [stdout] 
[INFO] [stdout] 
[INFO] [stdout] warning: unused import: `std::convert::TryFrom`
[INFO] [stdout]  --> tests/signer.rs:6:5
[INFO] [stdout]   |
[INFO] [stdout] 6 | use std::convert::TryFrom;
[INFO] [stdout]   |     ^^^^^^^^^^^^^^^^^^^^^
[INFO] [stdout]   |
[INFO] [stdout]   = note: `#[warn(unused_imports)]` on by default
[INFO] [stdout] 
[INFO] [stdout] 
[INFO] [stdout] warning: unused import: `super::*`
[INFO] [stdout]   --> tests/signer.rs:10:9
[INFO] [stdout]    |
[INFO] [stdout] 10 |     use super::*;
[INFO] [stdout]    |         ^^^^^^^^
[INFO] [stdout] 
[INFO] [stdout] 
[INFO] [stdout] error[E0698]: type inside `async` block must be known in this context
[INFO] [stdout]   --> tests/signer.rs:36:48
[INFO] [stdout]    |
[INFO] [stdout] 36 |         let receipt = pending_tx.confirmations(3).await.unwrap();
[INFO] [stdout]    |                                                ^ cannot infer type for type `{integer}`
[INFO] [stdout]    |
[INFO] [stdout] note: the type is part of the `async` block because of this `await`
[INFO] [stdout]   --> tests/signer.rs:36:23
[INFO] [stdout]    |
[INFO] [stdout] 36 |         let receipt = pending_tx.confirmations(3).await.unwrap();
[INFO] [stdout]    |                       ^^^^^^^^^^^^^^^^^^^^^^^^^^^^^^^^^
[INFO] [stdout] 
[INFO] [stdout] 
[INFO] [stdout] error: aborting due to 14 previous errors; 2 warnings emitted
[INFO] [stdout] 
[INFO] [stdout] 
[INFO] [stdout] Some errors have detailed explanations: E0412, E0425, E0433, E0698.
[INFO] [stdout] 
[INFO] [stdout] For more information about an error, try `rustc --explain E0412`.
[INFO] [stdout] 
[INFO] [stderr] error: could not compile `ethers-signers`.
[INFO] [stderr] 
[INFO] [stderr] To learn more, run the command again with --verbose.
[INFO] running `Command { std: "docker" "inspect" "72bed2f69f0ec0a6dcd4857a19e256ce367b0ba4cd3ebdb672de0165eb9fae16", kill_on_drop: false }`
[INFO] running `Command { std: "docker" "rm" "-f" "72bed2f69f0ec0a6dcd4857a19e256ce367b0ba4cd3ebdb672de0165eb9fae16", kill_on_drop: false }`
[INFO] [stdout] 72bed2f69f0ec0a6dcd4857a19e256ce367b0ba4cd3ebdb672de0165eb9fae16
